*a - 30. Let q be h(17). Suppose -2*y - 5*s + 99 + 3773 = 0, -5*y = q*s - 9663. Is y a composite number?
False
Suppose u + 0*q - 157 = 3*q, 4*u - 4*q - 628 = 0. Suppose w + 2*w + 4*g = u, -4*w = -g - 203. Is w a composite number?
True
Suppose -v = -6*v + 15. Let n be ((-28)/6)/(v/(-72)). Suppose -b - 2*m + 5 = -20, -4*m = 4*b - n. Is b a composite number?
False
Suppose 3*n = -2*n + 2*x + 126, -x = 3. Suppose 5*u - u = n. Let p(y) = 4*y - 1. Is p(u) a composite number?
False
Is 243/(-54)*28484/(-18) a prime number?
True
Suppose 0 = -4*s + 8 - 0, -8 = -2*m + s. Let q(c) = -14*c + 3. Let y be q(m). Let w = 158 + y. Is w a composite number?
True
Suppose z + 284 = 87. Let x = z + 474. Let r = x - 162. Is r composite?
True
Let z = -12 - -16. Suppose 22 = 3*n - z*o, -5*o - 18 = n - 0*o. Suppose -s + n = -11. Is s composite?
False
Let m(t) be the first derivative of 15*t**4/2 - 10*t**3/3 + 9*t**2/2 - 7*t - 2. Is m(6) prime?
False
Suppose -450*x + 3262 = -448*x. Is x prime?
False
Is (-128138)/(-20) + 101/1010 composite?
True
Let s be (-3)/(-4) + 9/(-12). Suppose 2*d + 3*f - 402 = s, d + 53 = -5*f + 261. Let c = d - 121. Is c prime?
False
Let o = 479 - 284. Let l = o - 492. Is (-10)/(-20) - l/2 a composite number?
False
Suppose 2*g = 5*g + 6. Is g*(707/(-2) - -3) a prime number?
True
Let l = 1709 - 942. Suppose 2*k = -3*b + 8*b + 2234, 5*k - 881 = 2*b. Let o = l + b. Is o a prime number?
False
Is (-4)/(-58) - (8 + 11860079/(-319)) a composite number?
False
Let q be -9*((-5)/(-3) + -2). Let y = q + 2. Suppose -y = -2*w + 65. Is w prime?
False
Let a(u) = -8*u - 46*u + 11*u - 10. Is a(-5) a composite number?
True
Let z(r) = 2*r**2 + 5*r - 8. Suppose -i + 9 = 2*i. Suppose -12 = -i*v + 3. Is z(v) a composite number?
False
Let q(h) = 1834*h + 9. Let z(j) = 611*j + 3. Let n(g) = -2*q(g) + 7*z(g). Let l be n(2). Suppose -3*t = 2*k - l, 5*t - t = -k + 1628. Is t a prime number?
False
Suppose -r = 4*w - 5*r - 3828, w + 3*r = 949. Suppose -3000 + w = -l. Is l a composite number?
True
Let u(t) = 324*t**2 - 14*t - 15. Is u(8) a prime number?
False
Let i be 295 + (75/5)/5. Suppose 0 = b - 3*w + i - 3105, -2*b = 2*w - 5630. Is b composite?
True
Suppose -7*k = -4*k - 78. Let d = 27 + k. Is d composite?
False
Suppose -4*i - 2 = -5*i + v, 0 = 3*v - 9. Suppose -n + 1 = 0, -l - i*n = 2*l - 4610. Is l prime?
False
Let x(b) = -9*b**3 - b**2 + b + 1. Let j(u) = -u + 5*u**3 - 6*u**3 + 0*u + 6 - 4 + 4*u**2. Let n be j(4). Is x(n) prime?
True
Let s(b) = -b**3 - 4*b**2 - 5*b - 3. Let o be s(-3). Suppose 0 = -o*m + 644 + 397. Suppose -3*z = -214 - m. Is z composite?
True
Let n = -48 - -4. Let r be (957/4)/(2/(-8)). Is (-4 - n/12)*r a prime number?
False
Suppose -2*x - 4985 = -7*x. Let p = x + -546. Is p prime?
False
Let r(a) = 465*a**2 - 11*a - 21. Is r(-5) a prime number?
False
Is ((-1 - 0) + 60)/((-11)/(-451)) a composite number?
True
Let v(g) = g**2 - 3*g. Let h be v(4). Let p be (-7944)/(-21) + h/(-14). Is (-1 + p)*(-1 - -2) a composite number?
True
Suppose 5*g = 2*z + g - 370, 3*z + g - 520 = 0. Suppose -5*j - 105 = z. Let a = j + 597. Is a a prime number?
True
Let p(k) = -14*k**3 + k**2 + k + 1. Let w(h) = 14*h**3 - h**2 - h - 1. Let y(d) = 3*p(d) + 2*w(d). Let q be 8/(-4) - (-1 - 0). Is y(q) prime?
False
Let q(z) = -774*z - 161. Is q(-12) composite?
False
Let h(c) = -67*c**3 + 1 - 3*c**2 - c + 1 - 2. Is h(-2) composite?
True
Let t be (-22)/11 + 9*2. Let m be 4/t + 13643/4. Suppose -5*v + m = 1066. Is v composite?
True
Let w(h) = -h**3 + 18*h**2 - h + 12. Let u be w(18). Let j(z) = -4*z**3 - 7*z**2 - 2*z - 1. Is j(u) a composite number?
True
Let r = 567 - 390. Is r prime?
False
Let c = 9 + -7. Is (c*-1)/(12/(-3546)) a prime number?
False
Let t = -7 + 7. Suppose -2*v - 1 + 9 = -4*p, -3*p = t. Suppose 3*u - 305 + 28 = v*g, 3*g = 3*u - 273. Is u a prime number?
False
Let a(w) = w**2 - w + 3. Let y be a(4). Suppose 25 = 5*x - y. Is 6/x*(-24)/(-9) a prime number?
True
Let i = 167208 + -113927. Is i prime?
True
Let a(b) = 3*b - 28. Let t be a(13). Suppose -10*x - 6563 = -t*x. Is x a composite number?
False
Let o(y) = 3 + 2 - 8 + y. Let r be o(5). Suppose -q - 6*a + 89 = -4*a, 0 = r*q - 4*a - 162. Is q a composite number?
True
Let v = 71198 - 19279. Is v composite?
True
Suppose -6*o = -o - 11730. Suppose 2*j - o = -0*j + 2*m, j - 1177 = 3*m. Is j composite?
False
Let p(w) be the second derivative of w**6/18 + w**5/60 + 5*w**4/24 + w**3/3 - 4*w. Let u(t) be the second derivative of p(t). Is u(3) prime?
True
Suppose -3*c + 82*p + 861 = 79*p, 5*c + 2*p = 1463. Is c a composite number?
True
Let p be 15*1/4*4. Suppose -5*f + x + p = -3*x, 5*x = 5*f - 15. Suppose -t + 217 = 4*v, -2*t + f*v = 2*t - 963. Is t a prime number?
False
Suppose -4*m = -5*s - 23184, 5*m + 7*s - 10*s = 28967. Is m a composite number?
False
Let t(k) = -9*k**2 + k + 1. Let a be t(-1). Let l(j) = 6*j**2 + 9*j**2 + 7 + 8*j + j**3 - 5*j**2 - 6. Is l(a) prime?
False
Let v = 46143 - 32258. Is v a prime number?
False
Suppose 1355 = 2*f - 1. Suppose -2*k = 4*k - f. Is k a composite number?
False
Suppose -18*t + 125764 = 23830. Is t composite?
True
Suppose 0*h + 6608 = 4*h. Let a = -1071 + h. Is a a composite number?
True
Let r(t) = 4*t**2 - 3*t + 1. Let j be r(2). Let m(z) = -3*z**2 + j*z + 2*z**2 + 8 + 15*z. Is m(13) a prime number?
False
Suppose -13*y + 127676 = -216733. Is y a prime number?
False
Let w be (-28)/42*6/4. Is (1 - w) + 80 + 7 a prime number?
True
Suppose -233*x + 238*x - 81918 = -2*f, 0 = f - x - 40973. Is f prime?
False
Is (-169466)/(-24) + 184/(-2208) prime?
False
Let i = -28851 - -78785. Is i a composite number?
True
Suppose -4*n - 12 = -4*m, 0*m = -5*m + 25. Suppose -3*x = x + 12, n*x = 4*f - 874. Is f composite?
True
Let t be (-59)/(-3) + (-2)/6*2. Suppose 0 = t*r - 7*r - 6456. Is r composite?
True
Let w = 1107 - -2286. Suppose -2045 = -3*y - 6*r + 2*r, 5*y - w = r. Is y composite?
True
Let j(o) = -o**2 + 12*o + 17. Let v = 11 - 1. Is j(v) a composite number?
False
Suppose -2*p = 3*w + 18, 0 = p + 4*w - 7*w + 27. Is 188/60*421 + 2/p prime?
True
Let m(f) = 439*f**2 + 15*f - 39. Is m(4) composite?
True
Suppose 2*m = -4*n + 12, m - 16 = -0*n + 3*n. Let s(q) be the second derivative of q**5/20 - 2*q**4/3 - 2*q**3 - 13*q**2/2 - q. Is s(m) a composite number?
False
Let z = -10950 - -26939. Is z a prime number?
False
Let i(d) = -d**3 + 10*d**2 - 9*d - 4. Let j be i(9). Let q(f) = f**2 + 8*f - 4. Let v be q(-8). Is ((-2)/j)/(v/(-16)) a composite number?
False
Suppose -12*t + 7*t = -28645. Is t prime?
False
Let y(h) = -3*h**3 + h**2 + 7*h - 8. Let u(g) = g**3 - g - 1. Let l(a) = -4*u(a) - y(a). Let c = 2 + -7. Is l(c) a composite number?
False
Suppose -2*s + 5*c = 3*s - 153850, 2*c = 4*s - 123074. Is s a composite number?
True
Suppose -2*c + 6*c + 2096 = 0. Let v = c - -1113. Is v composite?
True
Let r = -19 - -14. Let h(o) = -o**3 - 5*o**2 - o + 5. Let q be h(r). Suppose -3*i - 47 = -4*v, i = v + 2*i - q. Is v a composite number?
False
Let u(z) = -z**3 + 30*z**2 + 74*z + 34. Is u(31) a prime number?
True
Is ((-75)/(-10))/(3/2778) + 2 a prime number?
True
Suppose a = -0*k + k + 586, -5*a = -3*k - 1756. Is 3 - (-2 + 5) - k a composite number?
False
Suppose 10*d + 128 = 6*d. Let h = -22 - d. Is 546/h - 2/(-5) a composite number?
True
Suppose 0 = 4*d - 1535 - 6677. Is d prime?
True
Let w(p) = p**3 - 8*p**2 + 12*p + 3. Let h be w(6). Is 1 - (-4 + (9 - h)*-483) a prime number?
True
Let c(m) = -m**2 + 4*m + 1. Let d be c(3). Let h = 451 + -158. Suppose z = 2*w - 3*z - 182, d*z = -3*w + h. Is w a prime number?
False
Let o be (11 - 2) + 2 + 1. Suppose 5*k = 63 + o. Is 256/7 + k/35 composite?
False
Suppose 75 = 6*d - d + 5*y, d - 15 = -2*y. Let j = d - 6. Is (447/9)/(3/j) prime?
True
Let b(c) = 24*c**2 - 56*c + 153. Is b(20) composite?
True
Let w(u) = u. Let x be w(-1). Let r = 237 - 240. Is (x - r) + (-98)/(-2) composite?
True
Is (-4)/6*(-46962)/12 a composite number?
False
Suppose -1841 - 3420 = -a. Is a a prime number?
True
Suppose g = 4*u + 20 + 61, 4*u - 4*g + 72 = 0. Let b = u - -29. Is (-4)/(b/(-82)) - 2 prime?
False
Is 9/(27/6) + 53 a composite number?
True
Suppose -2*f = m - 12879, 5*m + 102*f - 64401 = 98*f. Is m a composite number?
True
Let i = 834 + -1392. Let k = i + 877. Is k composite?
True
Suppose 4